{"id":17,"date":"2020-11-16T20:12:04","date_gmt":"2020-11-16T19:12:04","guid":{"rendered":"http:\/\/ds.sciencespo-lille.eu\/?page_id=17"},"modified":"2026-04-13T19:42:17","modified_gmt":"2026-04-13T17:42:17","slug":"presentation","status":"publish","type":"page","link":"https:\/\/pes.sciencespo-lille.eu\/","title":{"rendered":"Pr\u00e9sentation de la majeure Politique, \u00c9cologie et Soutenabilit\u00e9"},"content":{"rendered":"\n<p>Bienvenue sur le site de la <strong>majeure<\/strong>&nbsp;<strong>Politique, \u00c9cologie et Soutenabilit\u00e9 (PES)<\/strong>&nbsp;de Sciences Po Lille.<\/p>\n\n\n\n<figure class=\"wp-block-image size-large is-style-rounded\"><img fetchpriority=\"high\" decoding=\"async\" width=\"1024\" height=\"508\" src=\"https:\/\/pes.sciencespo-lille.eu\/wp-content\/uploads\/2026\/04\/DS_-331-v3-1024x508.jpg\" alt=\"\" class=\"wp-image-679\" srcset=\"https:\/\/pes.sciencespo-lille.eu\/wp-content\/uploads\/2026\/04\/DS_-331-v3-1024x508.jpg 1024w, https:\/\/pes.sciencespo-lille.eu\/wp-content\/uploads\/2026\/04\/DS_-331-v3-300x149.jpg 300w, https:\/\/pes.sciencespo-lille.eu\/wp-content\/uploads\/2026\/04\/DS_-331-v3-768x381.jpg 768w, https:\/\/pes.sciencespo-lille.eu\/wp-content\/uploads\/2026\/04\/DS_-331-v3-1536x762.jpg 1536w, https:\/\/pes.sciencespo-lille.eu\/wp-content\/uploads\/2026\/04\/DS_-331-v3-2048x1015.jpg 2048w\" sizes=\"(max-width: 1024px) 100vw, 1024px\" \/><\/figure>\n\n\n\n<h2 class=\"wp-block-heading\" id=\"objectif-de-la-formation\">Objectif de la formation<\/h2>\n\n\n\n<p>L\u2019objectif de la majeure <strong>Politique, \u00c9cologie et Soutenabilit\u00e9 (PES) <\/strong>est de permettre aux \u00e9tudiantes et aux \u00e9tudiants d\u2019acqu\u00e9rir des cadres d\u2019analyse th\u00e9oriques et des outils pour penser la crise environnementale actuelle et en d\u00e9crypter les \u00e9volutions futures, dans <strong>une perspective de durabilit\u00e9 forte<\/strong>.<\/p>\n\n\n\n<p>Un \u00e9ventail de <strong>connaissances th\u00e9oriques sur les enjeux \u00e9cologiques contemporains <\/strong>(th\u00e9orie politique, sociologie, \u00e9thique, \u00e9conomie, histoire\u2026) s\u2019articule avec l\u2019acquisition d\u2019<strong>outils m\u00e9thodologiques pour la gestion de projets en situation professionnelle<\/strong>, mis en pratique avec des partenaires ext\u00e9rieurs.<\/p>\n\n\n\n<p>Gr\u00e2ce \u00e0 un fort ancrage territorial et d\u2019importantes collaborations nationales et internationales, la formation b\u00e9n\u00e9ficie des r\u00e9flexions les plus en pointe sur l\u2019urgence \u00e9cologique et les enjeux de l\u2019apr\u00e8s-croissance.<\/p>\n\n\n\n<hr class=\"wp-block-separator has-text-color has-css-opacity has-background is-style-wide\" style=\"background-color:#dde1e3;color:#dde1e3\"\/>\n\n\n\n<h2 class=\"wp-block-heading\" id=\"principaux-debouches\">Principaux d\u00e9bouch\u00e9s<\/h2>\n\n\n\n<p>La majeure <strong>Politique, \u00c9cologie et Soutenabilit\u00e9 (PES)<\/strong> forme les \u00e9tudiantes et les \u00e9tudiants aux m\u00e9tiers de la durabilit\u00e9 forte.<\/p>\n\n\n\n<p>Les dipl\u00f4m\u00e9s poursuivent des carri\u00e8res vari\u00e9es \u00e0 la crois\u00e9e des <strong>enjeux \u00e9cologiques, politiques et sociaux, que ce soit dans le secteur public, priv\u00e9, dans des ONG, en France ou \u00e0 l\u2019\u00e9tranger.<\/strong><\/p>\n\n\n\n<p>Ils et elles exercent dans les secteurs et domaines suivants:<\/p>\n\n\n\n<ul class=\"wp-block-list\">\n<li>Politiques agricoles et alimentaires<\/li>\n\n\n\n<li>Politiques climatiques, \u00e9nerg\u00e9tiques et d&rsquo;adaptation<\/li>\n\n\n\n<li>Urbanisme durable et am\u00e9nagement<\/li>\n\n\n\n<li>Sant\u00e9 environnementale<\/li>\n\n\n\n<li>\u00c9nergies renouvelables<\/li>\n\n\n\n<li>Biodiversit\u00e9<\/li>\n\n\n\n<li>Transition juste<\/li>\n\n\n\n<li>Expertise<\/li>\n\n\n\n<li>Animation de politiques territoriales<\/li>\n\n\n\n<li>Secteurs de l\u2019\u00e9conomie sociale et solidaire<\/li>\n\n\n\n<li>Accompagnement d&rsquo;\u00e9lus<\/li>\n\n\n\n<li>Lobbying et plaidoyer<\/li>\n\n\n\n<li>Diplomatie environnementale<\/li>\n\n\n\n<li>Conseil en entreprise ou aupr\u00e8s de collectivit\u00e9s<\/li>\n\n\n\n<li>&#8230;<\/li>\n<\/ul>\n\n\n\n<hr class=\"wp-block-separator has-text-color has-css-opacity has-background is-style-wide\" style=\"background-color:#dde1e3;color:#dde1e3\"\/>\n\n\n\n<h2 class=\"wp-block-heading\" id=\"responsable-de-la-majeure-pes\">Responsable de la majeure PES<\/h2>\n\n\n\n<div class=\"wp-block-media-text alignwide is-stacked-on-mobile\" style=\"grid-template-columns:32% auto\"><figure class=\"wp-block-media-text__media\"><img decoding=\"async\" width=\"1024\" height=\"1024\" src=\"http:\/\/pes.sciencespo-lille.eu\/wp-content\/uploads\/2020\/12\/Mathilde-Szuba-HD-NB-1024x1024.png\" alt=\"\" class=\"wp-image-117 size-full\" srcset=\"https:\/\/pes.sciencespo-lille.eu\/wp-content\/uploads\/2020\/12\/Mathilde-Szuba-HD-NB-1024x1024.png 1024w, https:\/\/pes.sciencespo-lille.eu\/wp-content\/uploads\/2020\/12\/Mathilde-Szuba-HD-NB-300x300.png 300w, https:\/\/pes.sciencespo-lille.eu\/wp-content\/uploads\/2020\/12\/Mathilde-Szuba-HD-NB-150x150.png 150w, https:\/\/pes.sciencespo-lille.eu\/wp-content\/uploads\/2020\/12\/Mathilde-Szuba-HD-NB-768x768.png 768w, https:\/\/pes.sciencespo-lille.eu\/wp-content\/uploads\/2020\/12\/Mathilde-Szuba-HD-NB.png 1181w\" sizes=\"(max-width: 1024px) 100vw, 1024px\" \/><\/figure><div class=\"wp-block-media-text__content\">\n<p class=\"has-large-font-size\"><mark style=\"background-color:rgba(0, 0, 0, 0)\" class=\"has-inline-color has-black-color\"><strong>Mathilde Szuba<\/strong><\/mark><\/p>\n\n\n\n<p><strong>Ma\u00eetre de conf\u00e9rences en science politique<\/strong><\/p>\n\n\n\n<p>Domaines de recherche : th\u00e9orie politique ; sociologie de l&rsquo;environnement ; limites \u00e9cologiques et politiques publiques.<\/p>\n<\/div><\/div>\n\n\n\n<div style=\"height:31px\" aria-hidden=\"true\" class=\"wp-block-spacer\"><\/div>\n\n\n\n<h2 class=\"wp-block-heading\" id=\"edito-de-la-responsable-de-la-majeure\">\u00c9dito de la responsable de la majeure<\/h2>\n\n\n\n<p class=\"has-drop-cap\">La majeure Politique, \u00c9cologie, Soutenabilit\u00e9 vous int\u00e9resse ? Bienvenue sur ce site, qui a pour objectif de r\u00e9pondre \u00e0 vos questions. <\/p>\n\n\n\n<p>La majeure Politique, \u00c9cologie, Soutenabilit\u00e9 accueille des <strong>\u00e9tudiantes et des \u00e9tudiants curieux d\u2019apprendre et d\u00e9sireux de s\u2019investir<\/strong>. La formation les accompagne dans l\u2019\u00e9tude pluridisciplinaire des <strong>enjeux \u00e9cologiques<\/strong> et les guide dans la d\u00e9couverte du vaste domaine des <strong>m\u00e9tiers de la durabilit\u00e9 forte.<\/strong> <\/p>\n\n\n\n<p>La catastrophe \u00e9cologique en cours est multiforme et ses divers visages continueront \u00e0 changer. Pour mieux former les \u00e9tudiantes et les \u00e9tudiants \u00e0 \u00e9voluer et s\u2019adapter aux enjeux de soutenabilit\u00e9 et aux m\u00e9tiers qui y prendront part, la formation s\u2019appuie sur un <strong>apprentissage alliant les approches intellectuelles et les concepts pratiques<\/strong>, avec une \u00e9quipe enseignante compos\u00e9e \u00e0 la fois de chercheurs, de chercheuses et de professionnels de la soutenabilit\u00e9.<\/p>\n\n\n\n<p> Vous \u00eates int\u00e9ress\u00e9 par l\u2019\u00e9cologie ? Vous aimez apprendre ? Vous \u00eates passionn\u00e9 et impliqu\u00e9 ? Vous voulez exp\u00e9rimenter des formes de travail en commun et monter des projets en \u00e9quipe ? Alors n\u2019h\u00e9sitez pas \u00e0 vous renseigner davantage sur la majeure Politique, \u00c9cologie, Soutenabilit\u00e9. <\/p>\n\n\n\n<p>Branch\u00e9s biodiversit\u00e9 ou \u00e9conomie sociale et solidaire, int\u00e9ress\u00e9s par les politiques nationales ou par les exp\u00e9rimentations locales, plut\u00f4t intellos ou plut\u00f4t m\u00e9canos, inquiets ou confiants, \u00e9conomistes ou historiens, passionn\u00e9s par le monde agricole ou par l\u2019univers du plaidoyer, d\u00e9cid\u00e9s ou h\u00e9sitants, futurs parlementaires ou futurs chercheurs : <strong>les profils des \u00e9tudiantes et des \u00e9tudiants PES sont tr\u00e8s vari\u00e9s<\/strong>. <\/p>\n\n\n\n<p>\u00c0 vous d\u2019explorer ce site pour vous en faire une id\u00e9e : bonne visite virtuelle !<\/p>\n\n\n\n<p class=\"has-text-align-right\"><strong>Mathilde Szuba<\/strong><\/p>\n","protected":false},"excerpt":{"rendered":"<p>Bienvenue sur le site de la majeure&nbsp;Politique, \u00c9cologie et Soutenabilit\u00e9 (PES)&nbsp;de Sciences Po Lille. Objectif de la formation L\u2019objectif de la majeure Politique, \u00c9cologie et Soutenabilit\u00e9 (PES) est de permettre aux \u00e9tudiantes et aux \u00e9tudiants d\u2019acqu\u00e9rir des cadres d\u2019analyse th\u00e9oriques et des outils pour penser la crise environnementale actuelle et en d\u00e9crypter les \u00e9volutions futures, [&hellip;]<\/p>\n","protected":false},"author":1,"featured_media":0,"parent":0,"menu_order":0,"comment_status":"closed","ping_status":"closed","template":"","meta":{"_seopress_robots_primary_cat":"","_seopress_titles_title":"","_seopress_titles_desc":"","_seopress_robots_index":"","ocean_post_layout":"","ocean_both_sidebars_style":"","ocean_both_sidebars_content_width":0,"ocean_both_sidebars_sidebars_width":0,"ocean_sidebar":"0","ocean_second_sidebar":"0","ocean_disable_margins":"enable","ocean_add_body_class":"","ocean_shortcode_before_top_bar":"","ocean_shortcode_after_top_bar":"","ocean_shortcode_before_header":"","ocean_shortcode_after_header":"","ocean_has_shortcode":"","ocean_shortcode_after_title":"","ocean_shortcode_before_footer_widgets":"","ocean_shortcode_after_footer_widgets":"","ocean_shortcode_before_footer_bottom":"","ocean_shortcode_after_footer_bottom":"","ocean_display_top_bar":"default","ocean_display_header":"default","ocean_header_style":"","ocean_center_header_left_menu":"0","ocean_custom_header_template":"0","ocean_custom_logo":0,"ocean_custom_retina_logo":0,"ocean_custom_logo_max_width":0,"ocean_custom_logo_tablet_max_width":0,"ocean_custom_logo_mobile_max_width":0,"ocean_custom_logo_max_height":0,"ocean_custom_logo_tablet_max_height":0,"ocean_custom_logo_mobile_max_height":0,"ocean_header_custom_menu":"0","ocean_menu_typo_font_family":"0","ocean_menu_typo_font_subset":"","ocean_menu_typo_font_size":0,"ocean_menu_typo_font_size_tablet":0,"ocean_menu_typo_font_size_mobile":0,"ocean_menu_typo_font_size_unit":"px","ocean_menu_typo_font_weight":"","ocean_menu_typo_font_weight_tablet":"","ocean_menu_typo_font_weight_mobile":"","ocean_menu_typo_transform":"","ocean_menu_typo_transform_tablet":"","ocean_menu_typo_transform_mobile":"","ocean_menu_typo_line_height":0,"ocean_menu_typo_line_height_tablet":0,"ocean_menu_typo_line_height_mobile":0,"ocean_menu_typo_line_height_unit":"","ocean_menu_typo_spacing":0,"ocean_menu_typo_spacing_tablet":0,"ocean_menu_typo_spacing_mobile":0,"ocean_menu_typo_spacing_unit":"","ocean_menu_link_color":"","ocean_menu_link_color_hover":"","ocean_menu_link_color_active":"","ocean_menu_link_background":"","ocean_menu_link_hover_background":"","ocean_menu_link_active_background":"","ocean_menu_social_links_bg":"","ocean_menu_social_hover_links_bg":"","ocean_menu_social_links_color":"","ocean_menu_social_hover_links_color":"","ocean_disable_title":"default","ocean_disable_heading":"default","ocean_post_title":"","ocean_post_subheading":"","ocean_post_title_style":"","ocean_post_title_background_color":"","ocean_post_title_background":0,"ocean_post_title_bg_image_position":"","ocean_post_title_bg_image_attachment":"","ocean_post_title_bg_image_repeat":"","ocean_post_title_bg_image_size":"","ocean_post_title_height":0,"ocean_post_title_bg_overlay":0.5,"ocean_post_title_bg_overlay_color":"","ocean_disable_breadcrumbs":"default","ocean_breadcrumbs_color":"","ocean_breadcrumbs_separator_color":"","ocean_breadcrumbs_links_color":"","ocean_breadcrumbs_links_hover_color":"","ocean_display_footer_widgets":"default","ocean_display_footer_bottom":"default","ocean_custom_footer_template":"0","footnotes":""},"class_list":["post-17","page","type-page","status-publish","hentry","entry"],"_links":{"self":[{"href":"https:\/\/pes.sciencespo-lille.eu\/index.php\/wp-json\/wp\/v2\/pages\/17","targetHints":{"allow":["GET"]}}],"collection":[{"href":"https:\/\/pes.sciencespo-lille.eu\/index.php\/wp-json\/wp\/v2\/pages"}],"about":[{"href":"https:\/\/pes.sciencespo-lille.eu\/index.php\/wp-json\/wp\/v2\/types\/page"}],"author":[{"embeddable":true,"href":"https:\/\/pes.sciencespo-lille.eu\/index.php\/wp-json\/wp\/v2\/users\/1"}],"replies":[{"embeddable":true,"href":"https:\/\/pes.sciencespo-lille.eu\/index.php\/wp-json\/wp\/v2\/comments?post=17"}],"version-history":[{"count":26,"href":"https:\/\/pes.sciencespo-lille.eu\/index.php\/wp-json\/wp\/v2\/pages\/17\/revisions"}],"predecessor-version":[{"id":681,"href":"https:\/\/pes.sciencespo-lille.eu\/index.php\/wp-json\/wp\/v2\/pages\/17\/revisions\/681"}],"wp:attachment":[{"href":"https:\/\/pes.sciencespo-lille.eu\/index.php\/wp-json\/wp\/v2\/media?parent=17"}],"curies":[{"name":"wp","href":"https:\/\/api.w.org\/{rel}","templated":true}]}}

Présentation de la majeure Politique, Écologie et Soutenabilité

<p>Bienvenue sur le site de la <strong>majeure</strong>&nbsp;<strong>Politique, Écologie et Soutenabilité (PES)</strong>&nbsp;de Sciences Po Lille.</p>



<figure class="wp-block-image size-large is-style-rounded"><img fetchpriority="high" decoding="async" width="1024" height="508" src="https://pes.sciencespo-lille.eu/wp-content/uploads/2026/04/DS_-331-v3-1024x508.jpg" alt="" class="wp-image-679" srcset="https://pes.sciencespo-lille.eu/wp-content/uploads/2026/04/DS_-331-v3-1024x508.jpg 1024w, https://pes.sciencespo-lille.eu/wp-content/uploads/2026/04/DS_-331-v3-300x149.jpg 300w, https://pes.sciencespo-lille.eu/wp-content/uploads/2026/04/DS_-331-v3-768x381.jpg 768w, https://pes.sciencespo-lille.eu/wp-content/uploads/2026/04/DS_-331-v3-1536x762.jpg 1536w, https://pes.sciencespo-lille.eu/wp-content/uploads/2026/04/DS_-331-v3-2048x1015.jpg 2048w" sizes="(max-width: 1024px) 100vw, 1024px" /></figure>



<h2 class="wp-block-heading" id="objectif-de-la-formation">Objectif de la formation</h2>



<p>L’objectif de la majeure <strong>Politique, Écologie et Soutenabilité (PES) </strong>est de permettre aux étudiantes et aux étudiants d’acquérir des cadres d’analyse théoriques et des outils pour penser la crise environnementale actuelle et en décrypter les évolutions futures, dans <strong>une perspective de durabilité forte</strong>.</p>



<p>Un éventail de <strong>connaissances théoriques sur les enjeux écologiques contemporains </strong>(théorie politique, sociologie, éthique, économie, histoire…) s’articule avec l’acquisition d’<strong>outils méthodologiques pour la gestion de projets en situation professionnelle</strong>, mis en pratique avec des partenaires extérieurs.</p>



<p>Grâce à un fort ancrage territorial et d’importantes collaborations nationales et internationales, la formation bénéficie des réflexions les plus en pointe sur l’urgence écologique et les enjeux de l’après-croissance.</p>



<hr class="wp-block-separator has-text-color has-css-opacity has-background is-style-wide" style="background-color:#dde1e3;color:#dde1e3"/>



<h2 class="wp-block-heading" id="principaux-debouches">Principaux débouchés</h2>



<p>La majeure <strong>Politique, Écologie et Soutenabilité (PES)</strong> forme les étudiantes et les étudiants aux métiers de la durabilité forte.</p>



<p>Les diplômés poursuivent des carrières variées à la croisée des <strong>enjeux écologiques, politiques et sociaux, que ce soit dans le secteur public, privé, dans des ONG, en France ou à l’étranger.</strong></p>



<p>Ils et elles exercent dans les secteurs et domaines suivants:</p>



<ul class="wp-block-list">
<li>Politiques agricoles et alimentaires</li>



<li>Politiques climatiques, énergétiques et d&rsquo;adaptation</li>



<li>Urbanisme durable et aménagement</li>



<li>Santé environnementale</li>



<li>Énergies renouvelables</li>



<li>Biodiversité</li>



<li>Transition juste</li>



<li>Expertise</li>



<li>Animation de politiques territoriales</li>



<li>Secteurs de l’économie sociale et solidaire</li>



<li>Accompagnement d&rsquo;élus</li>



<li>Lobbying et plaidoyer</li>



<li>Diplomatie environnementale</li>



<li>Conseil en entreprise ou auprès de collectivités</li>



<li>&#8230;</li>
</ul>



<hr class="wp-block-separator has-text-color has-css-opacity has-background is-style-wide" style="background-color:#dde1e3;color:#dde1e3"/>



<h2 class="wp-block-heading" id="responsable-de-la-majeure-pes">Responsable de la majeure PES</h2>



<div class="wp-block-media-text alignwide is-stacked-on-mobile" style="grid-template-columns:32% auto"><figure class="wp-block-media-text__media"><img decoding="async" width="1024" height="1024" src="http://pes.sciencespo-lille.eu/wp-content/uploads/2020/12/Mathilde-Szuba-HD-NB-1024x1024.png" alt="" class="wp-image-117 size-full" srcset="https://pes.sciencespo-lille.eu/wp-content/uploads/2020/12/Mathilde-Szuba-HD-NB-1024x1024.png 1024w, https://pes.sciencespo-lille.eu/wp-content/uploads/2020/12/Mathilde-Szuba-HD-NB-300x300.png 300w, https://pes.sciencespo-lille.eu/wp-content/uploads/2020/12/Mathilde-Szuba-HD-NB-150x150.png 150w, https://pes.sciencespo-lille.eu/wp-content/uploads/2020/12/Mathilde-Szuba-HD-NB-768x768.png 768w, https://pes.sciencespo-lille.eu/wp-content/uploads/2020/12/Mathilde-Szuba-HD-NB.png 1181w" sizes="(max-width: 1024px) 100vw, 1024px" /></figure><div class="wp-block-media-text__content">
<p class="has-large-font-size"><mark style="background-color:rgba(0, 0, 0, 0)" class="has-inline-color has-black-color"><strong>Mathilde Szuba</strong></mark></p>



<p><strong>Maître de conférences en science politique</strong></p>



<p>Domaines de recherche : théorie politique ; sociologie de l&rsquo;environnement ; limites écologiques et politiques publiques.</p>
</div></div>



<div style="height:31px" aria-hidden="true" class="wp-block-spacer"></div>



<h2 class="wp-block-heading" id="edito-de-la-responsable-de-la-majeure">Édito de la responsable de la majeure</h2>



<p class="has-drop-cap">La majeure Politique, Écologie, Soutenabilité vous intéresse ? Bienvenue sur ce site, qui a pour objectif de répondre à vos questions. </p>



<p>La majeure Politique, Écologie, Soutenabilité accueille des <strong>étudiantes et des étudiants curieux d’apprendre et désireux de s’investir</strong>. La formation les accompagne dans l’étude pluridisciplinaire des <strong>enjeux écologiques</strong> et les guide dans la découverte du vaste domaine des <strong>métiers de la durabilité forte.</strong> </p>



<p>La catastrophe écologique en cours est multiforme et ses divers visages continueront à changer. Pour mieux former les étudiantes et les étudiants à évoluer et s’adapter aux enjeux de soutenabilité et aux métiers qui y prendront part, la formation s’appuie sur un <strong>apprentissage alliant les approches intellectuelles et les concepts pratiques</strong>, avec une équipe enseignante composée à la fois de chercheurs, de chercheuses et de professionnels de la soutenabilité.</p>



<p> Vous êtes intéressé par l’écologie ? Vous aimez apprendre ? Vous êtes passionné et impliqué ? Vous voulez expérimenter des formes de travail en commun et monter des projets en équipe ? Alors n’hésitez pas à vous renseigner davantage sur la majeure Politique, Écologie, Soutenabilité. </p>



<p>Branchés biodiversité ou économie sociale et solidaire, intéressés par les politiques nationales ou par les expérimentations locales, plutôt intellos ou plutôt mécanos, inquiets ou confiants, économistes ou historiens, passionnés par le monde agricole ou par l’univers du plaidoyer, décidés ou hésitants, futurs parlementaires ou futurs chercheurs : <strong>les profils des étudiantes et des étudiants PES sont très variés</strong>. </p>



<p>À vous d’explorer ce site pour vous en faire une idée : bonne visite virtuelle !</p>



<p class="has-text-align-right"><strong>Mathilde Szuba</strong></p>

<p>Bienvenue sur le site de la majeure&nbsp;Politique, Écologie et Soutenabilité (PES)&nbsp;de Sciences Po Lille. Objectif de la formation L’objectif de la majeure Politique, Écologie et Soutenabilité (PES) est de permettre aux étudiantes et aux étudiants d’acquérir des cadres d’analyse théoriques et des outils pour penser la crise environnementale actuelle et en décrypter les évolutions futures, [&hellip;]</p>
